0, z*j + 5 = 5*a - j. Let o(m) = -m**2 + 6. Give o(a).
6
Let t(f) = f + 62. Let y be t(-6). Suppose 5*c - k = y, 3*k = 5*c - 0*k - 48. Let q be 16/(-12) - (-88)/c. Let u(p) = -3*p + 5. What is u(q)?
-13
Let z(w) = -w**3 + 2*w**2 - w. Let f = 1 - -4. Suppose 0 = f*m - 4*h - 29, -4*h - h + 29 = m. Suppose m*r - 2 - 7 = 0. Calculate z(r).
0
Let l(u) = u + 3. Let o(v) = 2*v**2 + 20*v + 4. Let w be o(-11). Suppose -d - d = 0. Suppose -w*x + 21*x = d. What is l(x)?
3
Let r(d) = 1. Let s(l) = -3*l + 9. Let z(m) = 2*r(m) - s(m). Suppose 4*v + 3*k = 106, -114 = -v - 3*v + k. Suppose 0 = 5*p + v - 3. Determine z(p).
-22
Let r(n) = 15*n - 49. Let v(b) = -66*b + 204. Let l(s) = -9*r(s) - 2*v(s). Calculate l(8).
9
Let u(j) = -j**3 + 97*j**2 - 196*j + 565. Let b be u(95). Let x(g) = 2*g**3 + 3*g**2 - 18*g + 6. What is x(b)?
-79
Let o be (-6)/(-39) + 123/(-39) + 2. Let q(h) be the first derivative of -h**5/20 - 33*h + 26. Let p(x) be the first derivative of q(x). Give p(o).
1
Let d(n) = -3*n**3 - n**2 + 1. Let t be d(-1). Let f(j) be the second derivative of -j**3/6 - 2*j**2 - 76975*j + 2. Give f(t).
-7
Let f(c) = -15*c + 3*c + 9*c + 1 + 0. Let b = 194 + -190. What is f(b)?
-11
Let w(o) = -4*o + 31. Let x(u) = -230*u - 1143. Let g be x(-5). Determine w(g).
3
Suppose 5*w - 29 = 5*o - 49, 0 = -o. Let i(a) = 2 - a - a - 3 - a**2. What is i(w)?
-9
Let c(u) = -3 - 4 - 10*u - u**2 - 5 - 7. Let p be c(-7). Let o(n) = -10*n**p - 8*n**2 + 2*n**3 - 3*n**3 + 17*n**2 - 2. Calculate o(0).
-2
Let i(a) be the first derivative of a**3/3 + a**2 - 6*a - 3. Let f = 3331 - 3335. Calculate i(f).
2
Let u = 7844 + -7841. Let j(b) = 3*b**2 - 11. What is j(u)?
16
Let r(i) = 6*i**3 - i**2 + 1. Let j(p) = 6*p**2 - 2*p - 6. Let o be j(2). Let q be 30/(-105) + (-10)/o. Give r(q).
-6
Suppose 4*h - 38 - 92 = 2*w, -3*w + 77 = 2*h. Let l(v) = -5*v + 167. Calculate l(h).
-3
Let n(m) = m - 4. Let z be 4 + (-11)/(88/48) - 2. Give n(z).
-8
Let u = 815 - 507. Let r(d) = -313*d**2 + 5*d + 3*d + d**3 - 5 + u*d**2. What is r(5)?
35
Let q(c) = 7 + 15*c + 0*c**2 + 24 + c**3 - 10 + 8*c**2. Let m be q(-6). Suppose 8*k = 3*k + m*h + 5, 4*h = -2*k + 2. Let r(s) = 5*s**3 - s**2. Determine r(k).
4
Let j(i) = -43*i - 130. Let d(y) = 15*y + 44. Let s(g) = 17*d(g) + 6*j(g). Let h be s(-9). Let m(p) = p + 2. Determine m(h).
-3
Let o = -6145 - -6151. Suppose -3*l = -20 + 2. Let w(k) = -4*k - l*k**2 + 8 + 0*k**2 + 3*k + k**3. Calculate w(o).
2
Let f be -2 - (-9)/3 - 1. Let r(l) = f + 6*l**2 + l**3 + 6 + 0*l**2 - 2 + 2*l. Let g = 311 + -317. What is r(g)?
-8
Let n(o) be the third derivative of 0*o - o**2 + 0 - 1/3*o**3 - 5/24*o**4. Let u(i) = i**3 - 12*i**2 - 525*i + 5894. Let y be u(11). Determine n(y).
8
Suppose 13 = 2*r + 1. Suppose 4*d - 5*q + 8 + 2 = 0, -2*d + 3*q - 6 = 0. Let l(a) = -5*a + 3 + 2*a + d*a - 2. Calculate l(r).
-17
Let a(z) = -80*z - 39. Let u(b) = 173*b + 87. Let q(k) = 13*a(k) + 6*u(k). Let v = -3 - -8. Calculate q(v).
5
Let a(d) = 17 + 2*d**2 + 50*d - 41 + 17. Let s be a(-25). Let b(p) = -p**2 - 7*p - 2. Calculate b(s).
-2
Let d(r) = 6*r + 50. Suppose 0 = 2*z + 1231 - 1259. What is d(z)?
134
Let u be 1/((-62)/(-93)) + ((-9)/6)/(-3). Let w(d) = 20*d**2 + 2*d + 4. Give w(u).
88
Let f(h) = 7*h**2 - 2*h + 1. Let z = 244 + -239. Suppose -g = -4*j - 13, z*j - 5*g + 27 = 4*j. What is f(j)?
33
Let q = -20 + 60. Suppose 8*b - q = -0*b. Suppose 5*u = -5*z - b, 0*z - 31 = -4*u + 3*z. Let j(d) = d**3 - 3*d**2 - 3*d - 2. Give j(u).
2
Let g = 134 - 135. Let n(m) = -m + 1. Let l(a) = -7*a + 7. Let k(z) = g*l(z) + 6*n(z). Determine k(-8).
-9
Let u(h) be the third derivative of 1/10*h**5 - 1/2*h**3 - 1/6*h**4 + 0*h + 39*h**2 + 0. What is u(-2)?
29
Suppose 2*p - 16 = 12. Suppose 2*u + 2*a - 2 = -0*a, -2*a = 5*u - p. Let r(m) = 4*m - u*m + 3 - 2*m. What is r(2)?
-1
Let x(n) = 5*n**2 - 71*n + 10. Let a = 1255 - 1241. Give x(a).
-4
Let l(i) = -2*i**2 + 33*i + 137. Let c be l(20). Let o(u) = -u**3 + 3*u**2 + u - 5. What is o(c)?
46
Let m be -3 - (82/123)/((-2)/10). Let v(a) be the first derivative of -7*a + 5/2*a**2 + m*a**3 + 27. Calculate v(-6).
-1
Let x(g) = -2*g - 14. Let q be x(-19). Let f = q + -24. Suppose 4*z - 15 + 7 = f. Let b(i) = -i - 2. Calculate b(z).
-4
Let h(b) = b**3 - 2*b**2 + 2*b + 1. Suppose 0 = 2*x + 61 + 163. Let n = -112 - x. Suppose n = -16*i + 2*i + 28. Calculate h(i).
5
Let t(k) = 2*k**3 + 9*k**2 - 10*k - 16. Let c = 17480 + -17485. What is t(c)?
9
Let o(f) be the second derivative of f**5/20 - f**4 - 13*f**3/6 - 2*f**2 + 29559*f + 3. Let s = -28 - -41. Give o(s).
-4
Suppose 51 = -3*y - 3*b, -3*b = -3*y + 5*y + 31. Let x be y/((-20)/(-4))*-1. Suppose -4*r + 2*r - x*m = 22, 6 = -2*m. Let l(p) = 3*p + 6. Give l(r).
-9
Let s be 29/3 - 154/231. Let u = 4 - 0. Let w(y) = 4*y + 1. Let k(l) = -3*l - 1. Let h(t) = u*w(t) + 5*k(t). Determine h(s).
8
Let d(w) = -21*w + 28. Let n be ((-6)/5*1)/((-774)/1290). What is d(n)?
-14
Let x(a) = -a**2 + 5*a + 14. Suppose 14*f + 33995 = 33967. Give x(f).
0
Let j(v) = v**2 + 2*v + 1. Let f(w) = -3*w**2 - 13*w - 9. Let b(n) = -f(n) - j(n). Give b(-2).
-6
Let h(p) = 22 + 21308*p + 21305*p - 42617*p. Give h(-13).
74
Let w(i) = 1992770 + 0*i**3 + 25*i**2 - 52*i - 1992765 + i**3. Determine w(-27).
-49
Let w = 3231/2 + -1614. Let v(s) be the second derivative of 1/6*s**3 + w*s**2 + 0 - 1/12*s**4 + 17*s. Give v(3).
-3
Let x(v) = v**2 + 55*v - 182. Suppose -4*m + 220 = -4*i, -92 + 40 = i - 2*m. Determine x(i).
-8
Let q(y) = -2*y**3 - 6*y**2 - 25*y - 57. Let o be q(-3). Let d(v) = 15 - 7*v + 5*v + v. What is d(o)?
-3
Let g(h) = 0*h**2 - 13*h + 8*h - 4*h - 8 + 3*h**2 + 18. Give g(4).
22
Let w(y) be the first derivative of -5*y**3/3 + y**2/2 - 1. Suppose 478 = -178*b + 310*b + 346*b. What is w(b)?
-4
Let f(y) = 322*y - 101. Let c(u) = -211*u + 102. Let h(z) = 3*c(z) + 2*f(z). Calculate h(-10).
-6
Let k(g) = -5*g - 48. Let y(i) = i**3 - 28*i**2 + 103*i - 28. Let u be y(4). Calculate k(u).
-48
Let a(z) = 3*z - 10. Let j be -3*12/(-54) - 122/(-6). Suppose 5*d + 15 = 0, 3*f = -57*d + 58*d + j. What is a(f)?
8
Let b(m) be the first derivative of 0*m**4 - 1/120*m**6 + 5/2*m**2 + 14 + 0*m + 0*m**5 - 1/6*m**3. Let j(l) be the second derivative of b(l). Calculate j(0).
-1
Let d(l) = -l**2 + 139*l - 1524. Let b be d(12). Let g(v) = 2*v**3 - v**2 + 41. Determine g(b).
41
Suppose -7*j + 8 = -11*j. Let f(n) be the first derivative of 2*n**2 + 3*n + 6322. What is f(j)?
-5
Let h(p) = -36 - 4*p + 22 + 80*p**2 - 96*p**2 + 2*p - p**3. Determine h(-16).
18
Let z(j) be the first derivative of -2*j**3/3 - j**2 + 2*j - 15. Suppose 0 = -2*p + p - 8. Let x = -10 - p. Give z(x).
-2
Let c = -409 + 452. Suppose 0 = -9*x - c + 70. Let i(o) = -2*o**2 + 4*o. Give i(x).
-6
Let m(s) = s**3 - 126*s**2 - 17*s + 2140. Let x be m(126). Let h(t) = t**3 - 2*t**2 + 7*t + 27. Determine h(x).
-3
Let u(l) = l**3 + 6*l**2 + 3*l + 2. Suppose 5*h - w + 24 = 0, -2*h - 213*w - 12 = -214*w. Give u(h).
22
Let t(a) = -a - 1. Let j(h) = h + 1. Suppose -4*g = 6*g + 20. Let b(p) = g*t(p) - 3*j(p). Let k be 1/((-6)/9)*2/1. What is b(k)?
2
Let o(y) = -4 - 1 - 3 - 2*y**2 + 4 - 5*y. Suppose -5*v + 0*t + 2*t = -16, -2*v - 4*t + 16 = 0. Let l be -3 + (2/v)/((-2)/4). Determine o(l).
-16
Let m(r) = r**2 - 279939 + 559804 - 279900 - 5*r. Determine m(9).
1
Let q be 3/9*(12 + 0). Let l(y) be the first derivative of -5/2*y**q - 1/2*y**2 + 0*y**3 + 16 + 0*y. What is l(1)?
-11
Let b(i) = -5*i + 3*i + 7 - 2*i. Let h be (0 - (5 + -2)) + -3. Let u(c) = -c. Let m(r) = h*u(r) + b(r). Give m(-6).
-5
Let c be (-7)/4 - 3/12. Let k be -3 + 34 + c + 1. Let h(d) = d - k + 30. Give h(-5).
-5
Let y be 3 + -1*8 - (-6)/3. Let q be y*((-42)/(-72) - (-1)/(-4)). Let b(i) = i**2. Calculate b(q).
1
Let h(j) = -4*j**3 - j**2. Suppose 0*r - 4*r - 8 = 0. Let c be r/(-6)*-3 - 7. Let n be (-36)/(-32) + 1/c. Give h(n).
-5
Let p(d) = -2*d - 1. Let w(c) be the first derivative of c**2 - 6*c + 11. Let b be w(-3). Let q = b - -6. Determine p(q).
11
Let x(v) be the first derivative of 9*v**2/2 + 9*v + 3035. Give x(1).
18
Let v(z) = 2*z**2 + z - 2. Let a(q) be the second derivative of q**5/20 + 3*q**4 - 19*q**3/3 - 39*q**2/2 + 11*q + 8. Let f be a(-37). Give v(f).
4
Let t(r) = r**3 - 9*r**2 + 7*r + 9. Let y be 100/16*(-24)/(-6). Suppose 0 = 2*v + 2*g - 1 - y, 3*